{"id":1291,"date":"2021-03-03T16:46:24","date_gmt":"2021-03-03T14:46:24","guid":{"rendered":"https:\/\/www.villekarinen.net\/?page_id=1291"},"modified":"2021-05-22T18:32:01","modified_gmt":"2021-05-22T15:32:01","slug":"tue-vaalityotani","status":"publish","type":"page","link":"https:\/\/www.villekarinen.net\/?page_id=1291","title":{"rendered":"Tue vaality\u00f6t\u00e4ni"},"content":{"rendered":"\n<p>Tule mukaani rakentamaan hyv\u00e4\u00e4 kaupunkia kaikille! Yhdess\u00e4 voimme tehd\u00e4 Vantaasta kaupugin, jossa pidet\u00e4\u00e4n huolta ihmisist\u00e4 ja ymp\u00e4rist\u00f6st\u00e4. Kaupugin, jossa hyvinvointi ei ole kiinni lompakosta ja jossa ket\u00e4\u00e4n ei j\u00e4tet\u00e4 heitteille. T\u00e4ss\u00e4 on joitakin tapoja joilla voit auttaa minua vaality\u00f6ss\u00e4.<\/p>\n\n\n\n<p><strong>Lahjoita vaalikampanjaani<\/strong><\/p>\n\n\n\n<p>Vaalikampanjointi ei ole  ilmaista. Lehtimainoksiin, flyereihin, julisteisiin ja nettimainontaan tarvitaan rahaa. Olen eritt\u00e4in kiitollinen jos voit auttaa minua vaality\u00f6ss\u00e4ni itsellesi sopivalla summalla. Pienikin lahjoitus auttaa ja kannustaa minua eteenp\u00e4in.Voit helposti tukea kampanjaani lahjoittamalla haluamasi summan <a href=\"https:\/\/vantaa.vas.fi\/ehdokasgalleria\/?kieli=fi&amp;vaali=kuntavaalit-2021&amp;kunta=k092&amp;ehdokas=karinen-ville%20valtteri-1345\" onclick=\"javascript:_gaq.push(['_trackEvent','outbound-article','http:\/\/vantaa.vas.fi']);\">t\u00e4\u00e4lt\u00e4<\/a>.<\/p>\n\n\n\n<p><strong>Seuraa sivujani sosiaalisessa mediassa <\/strong><\/p>\n\n\n\n<p>Tykk\u00e4\u00e4m\u00e4ll\u00e4 sivuistani ja jakamalla kirjoituksiani voit maksutta ja pienell\u00e4 vaivalla auttaa lis\u00e4\u00e4m\u00e4\u00e4n vaaleissa tarvittavaa n\u00e4kyvyytt\u00e4.<\/p>\n\n\n\n<p><a href=\"https:\/\/www.facebook.com\/karinenville\" onclick=\"javascript:_gaq.push(['_trackEvent','outbound-article','http:\/\/www.facebook.com']);\">Facebook<\/a> <\/p>\n\n\n\n<p><a href=\"https:\/\/www.instagram.com\/villekarinen_vas\/?hl=fi\" onclick=\"javascript:_gaq.push(['_trackEvent','outbound-article','http:\/\/www.instagram.com']);\">Instagram<\/a> <\/p>\n\n\n\n<p><a href=\"https:\/\/twitter.com\/villekarinen\" onclick=\"javascript:_gaq.push(['_trackEvent','outbound-article','http:\/\/twitter.com']);\">Twitter<\/a><\/p>\n\n\n\n<p><strong>Asenna Facebook-profiilikuvaasi kampanjani kehyskuva<\/strong><\/p>\n\n\n\n<figure class=\"wp-block-image size-large is-resized\"><a href=\"https:\/\/i0.wp.com\/www.villekarinen.net\/wp-content\/uploads\/2021\/05\/kehys-.png?ssl=1\" ><img data-attachment-id=\"1375\" data-permalink=\"https:\/\/www.villekarinen.net\/?attachment_id=1375\" data-orig-file=\"https:\/\/i0.wp.com\/www.villekarinen.net\/wp-content\/uploads\/2021\/05\/kehys-.png?fit=1080%2C501&amp;ssl=1\" data-orig-size=\"1080,501\" data-comments-opened=\"0\" data-image-meta=\"{&quot;aperture&quot;:&quot;0&quot;,&quot;credit&quot;:&quot;&quot;,&quot;camera&quot;:&quot;&quot;,&quot;caption&quot;:&quot;&quot;,&quot;created_timestamp&quot;:&quot;0&quot;,&quot;copyright&quot;:&quot;&quot;,&quot;focal_length&quot;:&quot;0&quot;,&quot;iso&quot;:&quot;0&quot;,&quot;shutter_speed&quot;:&quot;0&quot;,&quot;title&quot;:&quot;&quot;,&quot;orientation&quot;:&quot;0&quot;}\" data-image-title=\"kehys-\" data-image-description=\"\" data-image-caption=\"\" data-medium-file=\"https:\/\/i0.wp.com\/www.villekarinen.net\/wp-content\/uploads\/2021\/05\/kehys-.png?fit=300%2C139&amp;ssl=1\" data-large-file=\"https:\/\/i0.wp.com\/www.villekarinen.net\/wp-content\/uploads\/2021\/05\/kehys-.png?fit=640%2C297&amp;ssl=1\" loading=\"lazy\" src=\"https:\/\/i2.wp.com\/www.villekarinen.net\/wp-content\/uploads\/2021\/05\/kehys-.png?fit=640%2C297&amp;ssl=1\" alt=\"\" class=\"wp-image-1375\" width=\"311\" height=\"144\" srcset=\"https:\/\/i0.wp.com\/www.villekarinen.net\/wp-content\/uploads\/2021\/05\/kehys-.png?w=1080&amp;ssl=1 1080w, https:\/\/i0.wp.com\/www.villekarinen.net\/wp-content\/uploads\/2021\/05\/kehys-.png?resize=300%2C139&amp;ssl=1 300w, https:\/\/i0.wp.com\/www.villekarinen.net\/wp-content\/uploads\/2021\/05\/kehys-.png?resize=1024%2C475&amp;ssl=1 1024w, https:\/\/i0.wp.com\/www.villekarinen.net\/wp-content\/uploads\/2021\/05\/kehys-.png?resize=768%2C356&amp;ssl=1 768w, https:\/\/i0.wp.com\/www.villekarinen.net\/wp-content\/uploads\/2021\/05\/kehys-.png?resize=24%2C11&amp;ssl=1 24w, https:\/\/i0.wp.com\/www.villekarinen.net\/wp-content\/uploads\/2021\/05\/kehys-.png?resize=36%2C17&amp;ssl=1 36w, https:\/\/i0.wp.com\/www.villekarinen.net\/wp-content\/uploads\/2021\/05\/kehys-.png?resize=48%2C22&amp;ssl=1 48w\" sizes=\"(max-width: 311px) 100vw, 311px\" \/><\/a><\/figure>\n\n\n\n<p>Asenna kehys klikkaamalla <a href=\"http:\/\/www.facebook.com\/profilepicframes\/?selected_overlay_id=311665473939279\" onclick=\"javascript:_gaq.push(['_trackEvent','outbound-article','http:\/\/www.facebook.com']);\">t\u00e4st\u00e4<\/a><\/p>\n\n\n\n<p><strong>Suosittele<\/strong><\/p>\n\n\n\n<p>Kirjoita suositus julkaistavaksi verkkosivuillani ja sosiaalisessa mediassa. Voit tehd\u00e4 suosituksen nimell\u00e4si tai halutessasi nimett\u00f6m\u00e4n\u00e4. L\u00e4het\u00e4 suosituksesi osoitteeseen karinen.ville.v@gmail.com<\/p>\n\n\n\n<p>Kiitos tuesta!<\/p>\n","protected":false},"excerpt":{"rendered":"<p>Tule mukaani rakentamaan hyv\u00e4\u00e4 kaupunkia kaikille! Yhdess\u00e4 voimme tehd\u00e4 Vantaasta kaupugin, jossa pidet\u00e4\u00e4n huolta ihmisist\u00e4 ja ymp\u00e4rist\u00f6st\u00e4. Kaupugin, jossa hyvinvointi ei ole kiinni lompakosta ja jossa ket\u00e4\u00e4n ei j\u00e4tet\u00e4 heitteille. T\u00e4ss\u00e4 on joitakin tapoja joilla voit auttaa minua vaality\u00f6ss\u00e4. Lahjoita vaalikampanjaani Vaalikampanjointi ei ole ilmaista. Lehtimainoksiin, flyereihin, julisteisiin ja nettimainontaan tarvitaan rahaa. Olen eritt\u00e4in kiitollinen <a class=\"read-more\" href=\"https:\/\/www.villekarinen.net\/?page_id=1291\" >Read More<\/a><\/p>\n","protected":false},"author":1,"featured_media":0,"parent":0,"menu_order":0,"comment_status":"closed","ping_status":"closed","template":"","meta":{"spay_email":""},"yoast_head":"<!-- This site is optimized with the Yoast SEO plugin v17.8 - https:\/\/yoast.com\/wordpress\/plugins\/seo\/ -->\n<title>Tue vaality\u00f6t\u00e4ni - VILLE KARINEN<\/title>\n<meta name=\"robots\" content=\"index, follow, max-snippet:-1, max-image-preview:large, max-video-preview:-1\" \/>\n<link rel=\"canonical\" href=\"https:\/\/www.villekarinen.net\/?page_id=1291\" \/>\n<meta property=\"og:locale\" content=\"fi_FI\" \/>\n<meta property=\"og:type\" content=\"article\" \/>\n<meta property=\"og:title\" content=\"Tue vaality\u00f6t\u00e4ni - VILLE KARINEN\" \/>\n<meta property=\"og:description\" content=\"Tule mukaani rakentamaan hyv\u00e4\u00e4 kaupunkia kaikille! Yhdess\u00e4 voimme tehd\u00e4 Vantaasta kaupugin, jossa pidet\u00e4\u00e4n huolta ihmisist\u00e4 ja ymp\u00e4rist\u00f6st\u00e4. Kaupugin, jossa hyvinvointi ei ole kiinni lompakosta ja jossa ket\u00e4\u00e4n ei j\u00e4tet\u00e4 heitteille. T\u00e4ss\u00e4 on joitakin tapoja joilla voit auttaa minua vaality\u00f6ss\u00e4. Lahjoita vaalikampanjaani Vaalikampanjointi ei ole ilmaista. Lehtimainoksiin, flyereihin, julisteisiin ja nettimainontaan tarvitaan rahaa. Olen eritt\u00e4in kiitollinen Read More\" \/>\n<meta property=\"og:url\" content=\"https:\/\/www.villekarinen.net\/?page_id=1291\" \/>\n<meta property=\"og:site_name\" content=\"VILLE KARINEN\" \/>\n<meta property=\"article:publisher\" content=\"https:\/\/www.facebook.com\/karinenville\" \/>\n<meta property=\"article:modified_time\" content=\"2021-05-22T15:32:01+00:00\" \/>\n<meta property=\"og:image\" content=\"https:\/\/i2.wp.com\/www.villekarinen.net\/wp-content\/uploads\/2021\/05\/kehys-.png?fit=640%2C297&#038;ssl=1\" \/>\n<meta name=\"twitter:card\" content=\"summary_large_image\" \/>\n<meta name=\"twitter:site\" content=\"@villekarinen\" \/>\n<meta name=\"twitter:label1\" content=\"Arvioitu lukuaika\" \/>\n\t<meta name=\"twitter:data1\" content=\"1 minuutti\" \/>\n<script type=\"application\/ld+json\" class=\"yoast-schema-graph\">{\"@context\":\"https:\/\/schema.org\",\"@graph\":[{\"@type\":\"WebSite\",\"@id\":\"https:\/\/www.villekarinen.net\/#website\",\"url\":\"https:\/\/www.villekarinen.net\/\",\"name\":\"VILLE KARINEN\",\"description\":\"Vantaan Vasemmistoliiton puheenjohtaja\",\"potentialAction\":[{\"@type\":\"SearchAction\",\"target\":{\"@type\":\"EntryPoint\",\"urlTemplate\":\"https:\/\/www.villekarinen.net\/?s={search_term_string}\"},\"query-input\":\"required name=search_term_string\"}],\"inLanguage\":\"fi\"},{\"@type\":\"ImageObject\",\"@id\":\"https:\/\/www.villekarinen.net\/?page_id=1291#primaryimage\",\"inLanguage\":\"fi\",\"url\":\"https:\/\/i2.wp.com\/www.villekarinen.net\/wp-content\/uploads\/2021\/05\/kehys-.png?fit=640%2C297&amp;ssl=1\",\"contentUrl\":\"https:\/\/i2.wp.com\/www.villekarinen.net\/wp-content\/uploads\/2021\/05\/kehys-.png?fit=640%2C297&amp;ssl=1\"},{\"@type\":\"WebPage\",\"@id\":\"https:\/\/www.villekarinen.net\/?page_id=1291#webpage\",\"url\":\"https:\/\/www.villekarinen.net\/?page_id=1291\",\"name\":\"Tue vaality\\u00f6t\\u00e4ni - VILLE KARINEN\",\"isPartOf\":{\"@id\":\"https:\/\/www.villekarinen.net\/#website\"},\"primaryImageOfPage\":{\"@id\":\"https:\/\/www.villekarinen.net\/?page_id=1291#primaryimage\"},\"datePublished\":\"2021-03-03T14:46:24+00:00\",\"dateModified\":\"2021-05-22T15:32:01+00:00\",\"breadcrumb\":{\"@id\":\"https:\/\/www.villekarinen.net\/?page_id=1291#breadcrumb\"},\"inLanguage\":\"fi\",\"potentialAction\":[{\"@type\":\"ReadAction\",\"target\":[\"https:\/\/www.villekarinen.net\/?page_id=1291\"]}]},{\"@type\":\"BreadcrumbList\",\"@id\":\"https:\/\/www.villekarinen.net\/?page_id=1291#breadcrumb\",\"itemListElement\":[{\"@type\":\"ListItem\",\"position\":1,\"name\":\"Etusivu\",\"item\":\"https:\/\/www.villekarinen.net\/\"},{\"@type\":\"ListItem\",\"position\":2,\"name\":\"Tue vaality\\u00f6t\\u00e4ni\"}]}]}<\/script>\n<!-- \/ Yoast SEO plugin. -->","yoast_head_json":{"title":"Tue vaality\u00f6t\u00e4ni - VILLE KARINEN","robots":{"index":"index","follow":"follow","max-snippet":"max-snippet:-1","max-image-preview":"max-image-preview:large","max-video-preview":"max-video-preview:-1"},"canonical":"https:\/\/www.villekarinen.net\/?page_id=1291","og_locale":"fi_FI","og_type":"article","og_title":"Tue vaality\u00f6t\u00e4ni - VILLE KARINEN","og_description":"Tule mukaani rakentamaan hyv\u00e4\u00e4 kaupunkia kaikille! Yhdess\u00e4 voimme tehd\u00e4 Vantaasta kaupugin, jossa pidet\u00e4\u00e4n huolta ihmisist\u00e4 ja ymp\u00e4rist\u00f6st\u00e4. Kaupugin, jossa hyvinvointi ei ole kiinni lompakosta ja jossa ket\u00e4\u00e4n ei j\u00e4tet\u00e4 heitteille. T\u00e4ss\u00e4 on joitakin tapoja joilla voit auttaa minua vaality\u00f6ss\u00e4. Lahjoita vaalikampanjaani Vaalikampanjointi ei ole ilmaista. Lehtimainoksiin, flyereihin, julisteisiin ja nettimainontaan tarvitaan rahaa. Olen eritt\u00e4in kiitollinen Read More","og_url":"https:\/\/www.villekarinen.net\/?page_id=1291","og_site_name":"VILLE KARINEN","article_publisher":"https:\/\/www.facebook.com\/karinenville","article_modified_time":"2021-05-22T15:32:01+00:00","og_image":[{"url":"https:\/\/i2.wp.com\/www.villekarinen.net\/wp-content\/uploads\/2021\/05\/kehys-.png?fit=640%2C297&amp;ssl=1"}],"twitter_card":"summary_large_image","twitter_site":"@villekarinen","twitter_misc":{"Arvioitu lukuaika":"1 minuutti"},"schema":{"@context":"https:\/\/schema.org","@graph":[{"@type":"WebSite","@id":"https:\/\/www.villekarinen.net\/#website","url":"https:\/\/www.villekarinen.net\/","name":"VILLE KARINEN","description":"Vantaan Vasemmistoliiton puheenjohtaja","potentialAction":[{"@type":"SearchAction","target":{"@type":"EntryPoint","urlTemplate":"https:\/\/www.villekarinen.net\/?s={search_term_string}"},"query-input":"required name=search_term_string"}],"inLanguage":"fi"},{"@type":"ImageObject","@id":"https:\/\/www.villekarinen.net\/?page_id=1291#primaryimage","inLanguage":"fi","url":"https:\/\/i2.wp.com\/www.villekarinen.net\/wp-content\/uploads\/2021\/05\/kehys-.png?fit=640%2C297&amp;ssl=1","contentUrl":"https:\/\/i2.wp.com\/www.villekarinen.net\/wp-content\/uploads\/2021\/05\/kehys-.png?fit=640%2C297&amp;ssl=1"},{"@type":"WebPage","@id":"https:\/\/www.villekarinen.net\/?page_id=1291#webpage","url":"https:\/\/www.villekarinen.net\/?page_id=1291","name":"Tue vaality\u00f6t\u00e4ni - VILLE KARINEN","isPartOf":{"@id":"https:\/\/www.villekarinen.net\/#website"},"primaryImageOfPage":{"@id":"https:\/\/www.villekarinen.net\/?page_id=1291#primaryimage"},"datePublished":"2021-03-03T14:46:24+00:00","dateModified":"2021-05-22T15:32:01+00:00","breadcrumb":{"@id":"https:\/\/www.villekarinen.net\/?page_id=1291#breadcrumb"},"inLanguage":"fi","potentialAction":[{"@type":"ReadAction","target":["https:\/\/www.villekarinen.net\/?page_id=1291"]}]},{"@type":"BreadcrumbList","@id":"https:\/\/www.villekarinen.net\/?page_id=1291#breadcrumb","itemListElement":[{"@type":"ListItem","position":1,"name":"Etusivu","item":"https:\/\/www.villekarinen.net\/"},{"@type":"ListItem","position":2,"name":"Tue vaality\u00f6t\u00e4ni"}]}]}},"jetpack_shortlink":"https:\/\/wp.me\/P8zKO6-kP","jetpack-related-posts":[{"id":501,"url":"https:\/\/www.villekarinen.net\/?page_id=501","url_meta":{"origin":1291,"position":0},"title":"Nokka kohti parempaa maailmaa!","date":"8 helmikuun, 2015","format":false,"excerpt":"Parempi maailma tarkoittaa eri asioita eri ihmisille. Minulle se tarkoittaa maailmaa, jossa sek\u00e4 ihmisest\u00e4 ett\u00e4 ymp\u00e4rist\u00f6st\u00e4 pidet\u00e4\u00e4n huolta kaikissa tilanteissa ja jokaisella on oikeus hyvinvointiin sek\u00e4 arvokkaaseen el\u00e4m\u00e4\u00e4n. HUOLEHDITAAN IHMISIST\u00c5 Inhmillinen p\u00e4\u00e4oma on t\u00e4rkein voimavaramme, josta on huolehdittava. Jokaisella on oltava tulotasosta riippumatta tasa-arvoiset mahdollisuudet koulutukseen, sivistykseen ja itsens\u00e4 kehitt\u00e4miseen.\u2026","rel":"","context":"Samankaltainen artikkeli","img":{"alt_text":"","src":"https:\/\/i2.wp.com\/www.villekarinen.fi\/wp-content\/uploads\/2015\/02\/IMG_0848_pieni_k\u00c3\u00a4sitelty2-561x1024.jpg?resize=350%2C200","width":350,"height":200},"classes":[]},{"id":195,"url":"https:\/\/www.villekarinen.net\/?page_id=195","url_meta":{"origin":1291,"position":1},"title":"VILLE","date":"26 helmikuun, 2013","format":false,"excerpt":"Olen kahden lapsen is\u00e4, Vantaan Vasemmistoliiton puheenjohtaja ja Vantaan konsernijaoston j\u00e4sen. Ammatiltani olen\u00a0 kirjastonjohtaja ja asun Simonkalliossa Tikkurilassa. Haluan olla mukana rakentamassa yhteiskuntaa, jossa jokaisella on aidosti mahdollisuus hyvinvointiin, kasvuun ja ihmisarvoiseen el\u00e4m\u00e4\u00e4n \u2013 riippumatta taustasta tai tulotasosta. Samalla pid\u00e4n t\u00e4rke\u00e4n\u00e4, ett\u00e4 p\u00e4\u00e4t\u00f6ksentekomme on ymp\u00e4rist\u00f6n kannalta kest\u00e4v\u00e4\u00e4 ja vastuullista, jotta\u2026","rel":"","context":"Samankaltainen artikkeli","img":{"alt_text":"","src":"https:\/\/i0.wp.com\/www.villekarinen.net\/wp-content\/uploads\/2025\/02\/Ville-Karinen_puoliv_some-1-682x1024.jpg?resize=350%2C200&ssl=1","width":350,"height":200},"classes":[]},{"id":648,"url":"https:\/\/www.villekarinen.net\/?page_id=648","url_meta":{"origin":1291,"position":2},"title":"Vaaliteemat","date":"14 helmikuun, 2015","format":false,"excerpt":"KOHTI PAREMPAA MAAILMAA! Parempi maailma tarkoittaa eri asioita eri ihmisille. Minulle se tarkoittaa maailmaa, jossa sek\u00e4 ihmisest\u00e4 ett\u00e4 ymp\u00e4rist\u00f6st\u00e4 pidet\u00e4\u00e4n huolta kaikissa tilanteissa ja jokaisella on oikeus hyvinvointiin sek\u00e4 arvokkaaseen el\u00e4m\u00e4\u00e4n. HUOLEHDITAAN IHMISIST\u00c4 Inhmillinen p\u00e4\u00e4oma on t\u00e4rkein voimavaramme, josta on huolehdittava kaikissa taloudellisissa suhdanteissa. Koulutus ja sivistys muodostavat perustuksen, jonka\u2026","rel":"","context":"Samankaltainen artikkeli","img":{"alt_text":"","src":"https:\/\/i2.wp.com\/www.villekarinen.fi\/wp-content\/uploads\/2015\/02\/Tikkurilan-markkinoilla.jpg?resize=350%2C200","width":350,"height":200},"classes":[]},{"id":1045,"url":"https:\/\/www.villekarinen.net\/","url_meta":{"origin":1291,"position":3},"title":"Kunta- ja aluevaalit","date":"5 tammikuun, 2019","format":false,"excerpt":"Hyv\u00e4 kaupunki kaikille \u2013 ei harvoille Kunta- ja aluevaaleissa p\u00e4\u00e4tet\u00e4\u00e4n Vantaan ja Keravan asukkaiden arkeen ja hyvinvointiin olennaisesti vaikuttavista peruspalveluista: varhaiskasvatuksesta, koulutuksesta, terveydenhuollosta, ik\u00e4\u00e4ntyneiden palveluista, asumisesta ja monesta muusta. N\u00e4m\u00e4 palvelut luovat perustan asukkaiden hyvinvoinnille ja tasa-arvoisille mahdollisuuksille el\u00e4\u00e4 hyv\u00e4\u00e4 el\u00e4m\u00e4\u00e4.Olen ehdolla, koska haluan olla rakentamassa yhteiskuntaa, jossa jokaisella on\u2026","rel":"","context":"Samankaltainen artikkeli","img":{"alt_text":"","src":"https:\/\/i1.wp.com\/www.villekarinen.net\/wp-content\/uploads\/2025\/04\/Ville-Karinen_rintakuva_some.jpg?fit=900%2C1200&ssl=1&resize=350%2C200","width":350,"height":200},"classes":[]},{"id":1140,"url":"https:\/\/www.villekarinen.net\/?page_id=1140","url_meta":{"origin":1291,"position":4},"title":"VAALITEEMAT","date":"28 tammikuun, 2019","format":false,"excerpt":"Kahden lapsen is\u00e4n\u00e4 minua kauhistuttaa suunta mihin Suomi ja maailma on kehittym\u00e4ss\u00e4. Eriarvoistumisen lis\u00e4\u00e4ntyminen, ilmastonmuutos ja hyvinvointivaltion asteittainen romuttaminen uhkaavat yhteist\u00e4 tulevaisuuttamme. Olen ehdolla, koska nykymaailma tarvitsee vastuullista ja reilua tulevaisuuteen katsovaa politiikkaa. Tarvitsemme politiikkaa, joka uskoo ihmiseen ja ihmisen kykyyn tehd\u00e4 maailmasta paremman paikan el\u00e4\u00e4 meille kaikille. Hyvinvointi ei\u2026","rel":"","context":"Samankaltainen artikkeli","img":{"alt_text":"","src":"https:\/\/i0.wp.com\/www.villekarinen.net\/wp-content\/uploads\/2019\/01\/01_Vasemmisto_Ville_Karinen_Tausta_WEB-1-e1548704379844-300x300.jpg?resize=350%2C200","width":350,"height":200},"classes":[]},{"id":790,"url":"https:\/\/www.villekarinen.net\/?page_id=790","url_meta":{"origin":1291,"position":5},"title":"VAALITEEMAT","date":"25 helmikuun, 2017","format":false,"excerpt":"\u00a0 KET\u00c4\u00c4N EI VOI J\u00c4TT\u00c4\u00c4 HEITTEILLE! -\u00a0PERUSASIAT KUNTOON\u00a0 Ihmisist\u00e4 on\u00a0huolehdittava kaikissa taloussuhdanteissa. \u00a0Jokaisen perustarpeista ja hyvinvoinnista on huolehdittava kaikissa el\u00e4m\u00e4n vaiheissa laadukkailla, riitt\u00e4v\u00e4sti mitoitetuilla ja helposti saatavilla olevilla sosiaali- ja terveyspalveluilla. Tulotaso tai toimintakyky ei saa olla esteen\u00e4 ihmisen tarvitseman hoidon ja hoivan saamiselle. Kun hoitoon p\u00e4\u00e4see nopeasti ennen kuin\u2026","rel":"","context":"Samankaltainen artikkeli","img":{"alt_text":"","src":"https:\/\/i2.wp.com\/www.villekarinen.fi\/wp-content\/uploads\/2017\/03\/Ville-Karinen_rajattu1-300x273.png?resize=350%2C200","width":350,"height":200},"classes":[]}],"_links":{"self":[{"href":"https:\/\/www.villekarinen.net\/index.php?rest_route=\/wp\/v2\/pages\/1291"}],"collection":[{"href":"https:\/\/www.villekarinen.net\/index.php?rest_route=\/wp\/v2\/pages"}],"about":[{"href":"https:\/\/www.villekarinen.net\/index.php?rest_route=\/wp\/v2\/types\/page"}],"author":[{"embeddable":true,"href":"https:\/\/www.villekarinen.net\/index.php?rest_route=\/wp\/v2\/users\/1"}],"replies":[{"embeddable":true,"href":"https:\/\/www.villekarinen.net\/index.php?rest_route=%2Fwp%2Fv2%2Fcomments&post=1291"}],"version-history":[{"count":11,"href":"https:\/\/www.villekarinen.net\/index.php?rest_route=\/wp\/v2\/pages\/1291\/revisions"}],"predecessor-version":[{"id":1377,"href":"https:\/\/www.villekarinen.net\/index.php?rest_route=\/wp\/v2\/pages\/1291\/revisions\/1377"}],"wp:attachment":[{"href":"https:\/\/www.villekarinen.net\/index.php?rest_route=%2Fwp%2Fv2%2Fmedia&parent=1291"}],"curies":[{"name":"wp","href":"https:\/\/api.w.org\/{rel}","templated":true}]}}